e 16, what is 26225 + -4?
26221
In base 5, what is -104 - -2100233?
2100124
In base 10, what is 4 + 162655377?
162655381
In base 9, what is 16082 + -27013?
-10821
In base 11, what is 118 + 550?
668
In base 7, what is 243336340 + 1?
243336341
In base 13, what is -85 - -5381?
52c9
In base 4, what is 12312221301332 - 2?
12312221301330
In base 12, what is -154241 - 2b?
-154270
In base 7, what is -333 - -235533?
235200
In base 4, what is -323022 - -21303120?
20320032
In base 9, what is 20 - 15532815?
-15532785
In base 12, what is 1b - 14b703?
-14b6a4
In base 8, what is -13 - -4246310?
4246275
In base 7, what is 252600 - -2125?
255025
In base 8, what is -15 - -155734440?
155734423
In base 15, what is 2cbe47b - 3?
2cbe478
In base 2, what is -10011111010001111101111011 - 101?
-10011111010001111110000000
In base 6, what is 2035 + -1500145?
-1454110
In base 6, what is -25101 + -3311?
-32412
In base 10, what is 121 - -2102278?
2102399
In base 7, what is -5 + 102116143?
102116135
In base 2, what is -1101111111 - -100001111110010011?
100001110000010100
In base 9, what is -4 - 36510301?
-36510305
In base 16, what is 36d6f - -3d?
36dac
In base 11, what is 1 - -9454320?
9454321
In base 6, what is 511332 + 45303?
1001035
In base 14, what is -c834 + -49?
-c87d
In base 11, what is -1789 - -27589?
25900
In base 15, what is 2 + -2a15673?
-2a15671
In base 4, what is -202321 - 301100010?
-301302331
In base 12, what is 78a6285 + -6?
78a627b
In base 7, what is -66 - -314546240?
314546141
In base 11, what is -23761481 + -5?
-23761486
In base 13, what is 29 - -aa6377?
aa63a3
In base 5, what is -333033244 + 10?
-333033234
In base 10, what is -41058 - -5817?
-35241
In base 16, what is 321159 + 5?
32115e
In base 14, what is 4 - 1b399d72?
-1b399d6c
In base 6, what is -24444 + 35250?
10402
In base 12, what is 22a - -1a86?
20b4
In base 4, what is -11 - 2232030303123?
-2232030303200
In base 9, what is 3274810 - -6?
3274816
In base 16, what is -258746 - 5?
-25874b
In base 16, what is 4e306214 + -1?
4e306213
In base 16, what is 18 + -eca?
-eb2
In base 4, what is -1210 + -30012230?
-30020100
In base 15, what is -8c09 + -8958?
-12662
In base 2, what is -100110 - 1010010101110011000110100?
-1010010101110011001011010
In base 11, what is -1040a11 - -146?
-1040876
In base 10, what is -5 + 5013607?
5013602
In base 15, what is -13 - -b7a9d?
b7a8a
In base 4, what is -1231123 - 30203311?
-32101100
In base 14, what is a + -37d137?
-37d12b
In base 14, what is 61a1488 - 5?
61a1483
In base 11, what is -8454089 + -2?
-8454090
In base 14, what is 19 - -13c886d?
13c8888
In base 15, what is 39 - 9e380?
-9e346
In base 6, what is 1 - 51524240353?
-51524240352
In base 8, what is 727366625 + -1?
727366624
In base 11, what is 16859 - -142?
169a0
In base 9, what is 760337 + 376?
760724
In base 8, what is 11 + 25161222?
25161233
In base 8, what is -24647617 - 4?
-24647623
In base 16, what is -3 + -5bddc01?
-5bddc04
In base 16, what is -6b7 - -55d5?
4f1e
In base 16, what is 9 - -17cacea?
17cacf3
In base 6, what is -40 - 10150052?
-10150132
In base 10, what is 154719 + -16?
154703
In base 14, what is -39 - b5d3?
-b62c
In base 10, what is -8575444 - -84?
-8575360
In base 7, what is -1361 + 1363065?
1361404
In base 3, what is -2112200221 - -22221?
-2112101000
In base 4, what is -1022 + -1101102010?
-1101103032
In base 15, what is -3c7 + 1cc17?
1c840
In base 6, what is -10 - 3050421220?
-3050421230
In base 5, what is -1004 + 44302423?
44301414
In base 6, what is -411 - 5503053?
-5503504
In base 6, what is 250041331 + -4?
250041323
In base 16, what is 34 - -a0a9?
a0dd
In base 2, what is -111100011 - -1101?
-111010110
In base 4, what is 20222 - 302211110?
-302130222
In base 10, what is 3 - -124072233?
124072236
In base 9, what is 787133834 + 1?
787133835
In base 13, what is 5b + -128914?
-128886
In base 16, what is -4 + 300319?
300315
In base 2, what is 100010101011010000110 - -1000011110?
100010101100010100100
In base 5, what is -3131434121 - -3?
-3131434113
In base 9, what is 15566180 + 1?
15566181
In base 16, what is 1 + 1a79569?
1a7956a
In base 5, what is -2 + 114041144230?
114041144223
In base 3, what is 220222001002020 + 10?
220222001002100
In base 5, what is 43331 - 2030444?
-1432113
In base 10, what is 11437 - 5704?
5733
In base 4, what is 201002 - 211101021?
-210300013
In base 4, what is 31232003233120 + 11?
31232003233131
In base 5, what is 12 - 1034144202?
-1034144140
In base 11, what is 3088 + 10913?
139a0
In base 7, what is -201 - 4251?
-4452
In base 6, what is 3550231 + 31253?
4021524
In base 14, what is cbb - -144d1?
153ac
In base 6, what is 35144202303 + -2?
35144202301
In base 14, what is -6 + -396415?
-39641b
In base 16, what is 6fe0 + -5184?
1e5c
In base 3, what is 22100202111 + 20002?
22100222120
In base 7, what is -11136210 - -2406?
-11133501
In base 8, what is -2 + -2202640403?
-2202640405
In base 5, what is -220040233 + -22?
-220040310
In base 11, what is -19 - 6118?
-6136
In base 13, what is 3 + -39337b43?
-39337b40
In base 12, what is -2554216 - -3?
-2554213
In base 8, what is 427 + 334527?
335156
In base 10, what is 484 + -166748?
-166264
In base 3, what is 101 - 102221110000?
-102221102122
In base 12, what is 18 + 486700?
486718
In base 4, what is -13011021 - -20131?
-12330230
In base 6, what is -2 - 50113333?
-50113335
In base 12, what is 289 - 108732?
-108465
In base 10, what is 3 - -1565719?
1565722
In base 12, what is 7a + 8345b7?
834675
In base 15, what is -2884 + -bc9?
-355d
In base 13, what is 8b93 - 747?
8449
In base 14, what is 84 - 63dc?
-6358
In base 5, what is 2 - -104201121411?
104201121413
In base 15, what is 2ea7ed - 5c?
2ea791
In base 5, what is -1012 + 121124200?
121123133
In base 16, what is -284 - -84fa?
8276
In base 7, what is 42020 + -45121?
-3101
In base 4, what is 1200311032 - 101?
1200310331
In base 4, what is -30123 - 3213?
-100002
In base 12, what is b + -383492?
-383483
In base 13, what is -131 - -36589?
36458
In base 2, what is -10111100110100001 - 1001101011001?
-11000110011111010
In base 7, what is -3 + -12254410?
-12254413
In base 12, what is 19b52b1 - -35?
19b5326
In base 10, what is -36 - -54050?
54014
In base 11, what is 2201 - -615?
2816
In base 11, what is 44384 + -331?
44053
In base 11, what is 5 - 11101a9?
-11101a4
In base 10, what is 204571 - 23?
204548
In base 12, what is -a9641 - 33?
-a9674
In base 11, what is 274153055 - 4?
274153051
In base 14, what is 1 + -1b00a1?
-1b00a0
In base 10, what is 1008 + -291283?
-290275
In base 12, what is 18a894 - 2b0?
18a5a4
In base 5, what is 4322401321 + 11?
4322401332
In base 16, what is -72 + -ba655?
-ba6c7
In base 9, what is -1 - -5601601?
5601600
In base 9, what is 27 - -17475?
17513
In base 14, what is -aa2c2d + -c?
-aa2c3b
In base 8, what is -45101144 - 16?
-45101162
In base 8, what is -21 + 2624714?
2624673
In base 5, what is 1102 + 1040344?
1042001
In base 13, what is -86a8b7 - -3?
-86a8b4
In base 9, what is 31580201 - 136?
31580054
In base 14, what is -22 - 28784a?
-28786c
In base 5, what is -1 + -14034323?
-14034324
In base 13, what is -2266 + 1cb1?
-285
In base 11, what is -30905a86 + 4?
-30905a82
In base 10, what is -1407 + -68257?
-69664
In base 6, what is -41114415 + -134?
-41114553
In base 8, what is -6204 + 130?
-6054
In base 2, what is -100 + -1001110011111001101111000011?
-1001110011111001101111000111
In base 16, what is -c0fcc - -27?
-c0fa5
In base 3, what is -11 + -220010010021001?
-220010010021012
In base 5, what is -4311311 + -4?
-4311320
In base 15, what is -5a9ca2 - -10?
-5a9c92
In base 10, what is 41495 + 622?
42117
In base 14, what is 1 + -b87440?
-b8743d
In base 5, what is 10203101310 - 3?
10203101302
In base 7, what is -16001325 + 5?
-16001320
In base 15, what is -2 - 4e98a0?
-4e98a2
In base 10, what is -289 + -650175?
-650464
In base 15, what is -1a - -65002?
64ed7
In base 7, what is 2055050341 - -1?
2055050342
In base 5, what is -3 + -3002211342?
-3002211400
In base 16, what is 18a + 112aa?
11434
In base 16, what is 4 - -eeb83a?
eeb83e
In base 16, what is 127c96 + 26?
127cbc
In base 13, what is 0 - -5192085?
5192085
In base 6, what is 43203505440 + 1?
43203505441
In base 15, what is -a808 + 3b?
-a7bc
In base 16, what is 2c0fa9 - 10?
2c0f99
In base 14, what is 4ad94 + -5d?
4